3 - 53*a**2 + 8*a. What is s(-6)?
-12
Let m(j) = -556*j**2 - 26*j - 24. Give m(-1).
-554
Let i(o) = o**3 - 6*o**2 - 68*o + 14. Calculate i(12).
62
Let f(q) = -7*q - 106. Calculate f(-36).
146
Let j(w) = w**2 + 521*w + 2064. Give j(-4).
-4
Let p(r) = -8*r**2 - 100*r + 45. Determine p(-13).
-7
Let m(i) = i**2 + 22*i - 77. Calculate m(-16).
-173
Let a(j) = -j**2 - 9*j - 91. Calculate a(-8).
-83
Let q(b) = 342*b + 12382. Calculate q(-36).
70
Let w(a) = -110*a + 2445. Calculate w(21).
135
Let u(o) = -37*o + 102. Determine u(3).
-9
Let z(r) = -10*r**2 - 1200*r - 1190. What is z(-119)?
0
Let x(p) = -14*p - 1167. Give x(-83).
-5
Let l(u) = 490*u - 55356. Determine l(113).
14
Let w(r) = r**3 + 3*r**2 + 8*r + 10. Determine w(-3).
-14
Let d(w) = -56*w**2 + 167*w - 6. What is d(3)?
-9
Let u(l) = l**3 - 58*l**2 - 232*l + 10200. Give u(59).
-7
Let z(b) = 921*b - 5522. Determine z(6).
4
Let m(u) = -202*u**2 - 6060*u + 10. Give m(-30).
10
Let n(z) = -784*z + 11728. Calculate n(15).
-32
Let a(n) = 460*n + 6878. Determine a(-15).
-22
Let k(v) = -70*v**2 - 66*v - 4. Give k(-1).
-8
Let r(m) = -3*m**2 - 48*m - 6. Give r(-7).
183
Let i(g) = 102*g - 496. What is i(4)?
-88
Let m(y) = -4*y**3 + 69*y**2 - 301*y + 54. What is m(8)?
14
Let p(v) = -248*v - 1307. Calculate p(-5).
-67
Let h(y) = 22*y**3 - 2*y**2 + 2*y + 3. What is h(-1)?
-23
Let y(m) = m**2 + m - 125. What is y(-16)?
115
Let q(v) = v**3 + 39*v**2 + 372*v - 43. Calculate q(-22).
1
Let l(q) = -466*q - 8382. Give l(-18).
6
Let s(y) = 255*y**2 - 4592*y + 57. Determine s(18).
21
Let n(y) = -33*y + 56. Determine n(2).
-10
Let f(j) = -10*j**2 - 68*j - 17. What is f(-6)?
31
Let i(f) = -38*f - 211. What is i(-7)?
55
Let z(f) = -2*f**2 + 91*f + 666. What is z(54)?
-252
Let y(l) = l**3 + l**2 - 14*l + 25. What is y(3)?
19
Let t(h) = 3*h**3 - 32*h**2 - 11*h - 5. What is t(11)?
-5
Let p(f) = -18*f - 1. Calculate p(0).
-1
Let q(s) = -s**2 - 4*s + 48. Determine q(9).
-69
Let a(n) = n**2 - 500*n + 1983. What is a(4)?
-1
Let o(t) = t**2 - 5*t - 318. Calculate o(21).
18
Let h(u) = -347*u - 5283. Give h(-15).
-78
Let h(r) = -4*r**2 - 58*r - 107. Calculate h(-12).
13
Let m(y) = 4*y**3 - 95*y**2 + 151*y + 59. Determine m(22).
-7
Let q(j) = 660*j + 58753. Give q(-89).
13
Let q(p) = -3*p**2 + 236*p - 6. Calculate q(80).
-326
Let w(f) = -f**2 + 16*f - 41. Calculate w(12).
7
Let v(k) = -k**3 - 18*k**2 - 90*k - 33. Calculate v(-10).
67
Let m(a) = -176*a + 7026. Calculate m(40).
-14
Let n(m) = -46*m + 180. Determine n(4).
-4
Let m(b) = -30*b**2 + 1510*b + 2. What is m(50)?
502
Let v(i) = 261*i - 6510. Give v(25).
15
Let s(n) = 45*n**3 + 3*n**2 + 76*n - 149. What is s(2)?
375
Let g(l) = 325*l + 32182. Calculate g(-99).
7
Let n(k) = 436*k - 424. Calculate n(1).
12
Let q(u) = u**3 + 23*u**2 - 46*u - 49. Give q(-25).
-149
Let t(f) = -3*f**2 - 9*f - 5. Calculate t(-3).
-5
Let c(x) = x**3 - 23*x**2 + 74*x + 21. Calculate c(19).
-17
Let d(l) = -19*l**3 + 118*l**2 - 20*l - 23. What is d(6)?
1
Let y(q) = q**3 - 3*q**2 - 57*q + 30. Calculate y(8).
-106
Let y(g) = 16*g**3 - 12*g + 12. Calculate y(1).
16
Let z(g) = g - 795. Give z(-95).
-890
Let k(c) = -c**3 - 7*c**2 + 27*c + 101. What is k(-3)?
-16
Let z(a) = -a**2 - 193*a - 3388. Give z(-20).
72
Let n(o) = -49*o - 637. What is n(-13)?
0
Let b(u) = -73*u + 493. Determine b(6).
55
Let n(o) = -8*o**2 - 35*o - 27. Determine n(-3).
6
Let j(b) = 3*b**3 - 50*b**2 - 39*b - 9. Determine j(18).
585
Let p(k) = 951*k - 1912. What is p(2)?
-10
Let k(s) = s**3 + 28*s**2 - 327*s + 10. Give k(9).
64
Let g(w) = -29*w**2 + 154*w - 10. Determine g(5).
35
Let a(w) = -57*w + 982. Determine a(17).
13
Let u(j) = -j**2 - 14*j - 23. Determine u(-8).
25
Let m(b) = b**3 + 7*b**2 - 41*b + 23. Calculate m(-13).
-458
Let f(l) = l**3 - 3*l**2 - 784*l - 778. Give f(-26).
2
Let h(y) = -y**2 - 698*y - 10. Give h(0).
-10
Let p(b) = -225*b + 211. What is p(1)?
-14
Let g(a) = -a**3 + 10*a**2 - 54*a + 433. Calculate g(9).
28
Let o(j) = 1603*j + 1592. Calculate o(-1).
-11
Let h(c) = -6*c**3 + 51*c**2 - 111*c + 8. What is h(4)?
-4
Let q(h) = 2*h**3 - 34*h**2 + 26*h + 70. Determine q(16).
-26
Let u(y) = 6*y**3 - 222*y**2 - 6. What is u(37)?
-6
Let z(i) = 71*i**2 + 728*i + 186. What is z(-10)?
6
Let d(x) = -x**3 - 16*x**2 + 72*x + 642. Determine d(-18).
-6
Let t(w) = -w**3 - 26*w**2 - 48*w + 28. What is t(-24)?
28
Let h(v) = 11*v**3 - 231*v**2 - 19*v + 13. Give h(21).
-386
Let u(k) = -7*k**3 - 152*k**2 + 37*k - 161. Determine u(-22).
-7
Let t(x) = 64*x**2 + 46*x - 92. Give t(2).
256
Let u(x) = -127*x - 9. Determine u(2).
-263
Let t(v) = 239*v + 916. Calculate t(-7).
-757
Let f(u) = u**3 - 2*u**2 - 2603*u + 159. Calculate f(52).
3
Let l(g) = 10*g**3 + 25*g**2 - 110*g - 5. Give l(4).
595
Let c(x) = -44*x - 390. Calculate c(-9).
6
Let v(q) = -22*q + 155. Give v(8).
-21
Let n(o) = -7*o**3 + 979*o**2 + 137*o + 425. What is n(140)?
5
Let i(o) = -46*o**2 - 136*o + 15. Give i(-3).
9
Let r(j) = -j**2 - 108*j - 2870. Determine r(-47).
-3
Let h(a) = a**3 + 6*a**2 + 11*a - 16. Give h(-7).
-142
Let b(y) = -2*y**3 - 27*y**2 + 44*y - 12. Determine b(-15).
3
Let a(s) = 2*s**2 + 103*s + 439. Calculate a(-53).
598
Let y(k) = -4*k**2 + 81*k - 18. What is y(19)?
77
Let q(c) = c**2 - 96*c + 2107. Determine q(34).
-1
Let g(h) = 13*h**2 + 187*h - 342. Determine g(-16).
-6
Let z(a) = -432*a + 2. What is z(1)?
-430
Let n(q) = 49*q + 324. What is n(-6)?
30
Let v(p) = -2*p**2 + 23*p + 870. Calculate v(-16).
-10
Let m(n) = -n**2 + 52*n - 574. Determine m(9).
-187
Let q(i) = -i**3 + 48*i**2 - 48*i + 119. Determine q(47).
72
Let m(x) = -x**3 + 5*x**2 - 4*x + 8. Calculate m(8).
-216
Let n(s) = 16*s**2 + 1351*s + 627. Give n(-84).
39
Let x(r) = r**3 - 9*r**2 + r. Calculate x(3).
-51
Let w(x) = -95*x - 632. Calculate w(-7).
33
Let u(a) = 640*a - 10259. What is u(16)?
-19
Let r(t) = 18*t - 746. Give r(42).
10
Let l(k) = 3731*k - 3674. Give l(1).
57
Let z(q) = -2*q**2 + 129*q + 503. Give z(-4).
-45
Let f(q) = q**3 - 3*q**2 + 6*q - 26. Determine f(3).
-8
Let a(j) = 2*j**3 + 11*j**2 + 3*j - 73. Determine a(-5).
-63
Let f(i) = 60*i - 3001. Determine f(50).
-1
Let y(c) = c**3 - 21*c**2 + 107*c + 28. Give y(10).
-2
Let w(c) = -10*c + 1080. Calculate w(106).
20
Let a(g) = -46*g + 797. Give a(17).
15
Let f(n) = -n**2 - 45*n - 503. Give f(-23).
3
Let p(z) = -25*z - 337. Give p(-13).
-12
Let o(v) = 2*v**3 + 13*v**2 - 261*v + 232. Determine o(8).
0
Let u(o) = -o**3 - 37*o**2 + 2*o + 114. What is u(-37)?
40
Let x(c) = 6*c**3 - 290*c**2 + 93*c + 135. Give x(48).
-9
Let g(f) = 2*f**3 + 39*f**2 + 173*f + 56. Calculate g(-13).
4
Let s(v) = 5*v**2 + 79*v - 465. Determine s(6).
189
Let w(z) = z**2 - 26*z + 188. What is w(13)?
19
Let y(h) = -2*h**3 - 20*h**2 - 51*h - 6. Calculate y(-5).
-1
Let t(r) = 59*r + 1988. What is t(-31)?
159
Let k(y) = y**3 - 2*y**2 - 51*y + 100. Determine k(2).
-2
Let o(l) = -649*l + 70091. What is o(108)?
-1
Let w(d) = 117*d - 2928. Determine w(25).
-3
Let x(d) = -d**3 + 3*d**2 - 22*d + 38. What is x(2)?
-2
Let g(i) = i**2 - 74*i - 370. Give g(-5).
25
Let y(x) = 27*x + 263. Calculate y(-11).
-34
Let f(u) = 1369*u - 1378. Determine f(1).
-9
Let a(u) = 14*u + 14. Determine a(-1).
0
Let o(u) = -22*u**2 - 208*u - 20. Give o(-10).
-140
Let h(w) = -35*w**2 + 17*w - 12. What is h(1)?
-30
Let w(g) = g**2 - 11*g + 4. Give w(6).
-26
Let x(r) = 25*r - 219. Determine x(9).
6
Let m(c) = -3*c**3 - 2*c**2 + 10*c - 14. Calculate m(3).
-83
Let r(f) = -2*f**2 + 94*f + 201. Calculate r(49).
5
Let p(d) = -121*d + 14169. What is p(117)?
12
Let t(q) = q**3 - 39*q**2 - 222*q - 37. What is t(-5)?
-27
Let p(o) = 2*o**2 + 48*o - 857. Determine p(12).
7
Let s(j) = 2*j**3 + 66*j**2 - 145*j - 165. Calculate s(-35).
10
Let p(f) = -f**3 + 65*f**2 + 164*f - 2005. Give p(67).
5
Let a(o) = -32*o + 285. Calculate a(9).
-3
Let o(r) = -r**3 + 81*r**2 - 307*r - 83. Calculate o(77).
-6
Let v(r) = 23*r - 146. Determine v(7).
15
Let u(l) = 28*l - 513. Determine u(18).
-9
Let g(w) = -2*w**2 + 58*w + 152. Determine g(34).
-188
Let t(q) = -q**3 - 10*q**2 + 10*q - 124. Calculate t(-12).
44
Let u(v) = -v**2 + 8*v - 12. Calculate u(6).
0
Let m(w) = 366*w + 83448. What is m(-228)?
0
Let q(o) = -21*o - 4. Determine q(-29).
605
Let i(j) = 344*j - 355. Give i(1).
-11
Let f(q) = 22*q - 1404. What is f(66)?